te the remainder when 101 is divided by 33.
2
What is the remainder when 5011 is divided by 28?
27
What is the remainder when 135 is divided by 37?
24
What is the remainder when 567 is divided by 57?
54
Calculate the remainder when 1178 is divided by 79.
72
Calculate the remainder when 129 is divided by 29.
13
What is the remainder when 708 is divided by 70?
8
Calculate the remainder when 268 is divided by 17.
13
Calculate the remainder when 424 is divided by 208.
8
Calculate the remainder when 49 is divided by 11.
5
What is the remainder when 59 is divided by 34?
25
What is the remainder when 58 is divided by 6?
4
Calculate the remainder when 98 is divided by 21.
14
What is the remainder when 1329 is divided by 121?
119
Calculate the remainder when 807 is divided by 38.
9
Calculate the remainder when 3244 is divided by 29.
25
Calculate the remainder when 453 is divided by 19.
16
Calculate the remainder when 15851 is divided by 191.
189
Calculate the remainder when 1157 is divided by 53.
44
What is the remainder when 180 is divided by 38?
28
What is the remainder when 117 is divided by 11?
7
Calculate the remainder when 52 is divided by 18.
16
What is the remainder when 63 is divided by 11?
8
What is the remainder when 359 is divided by 60?
59
What is the remainder when 119 is divided by 24?
23
What is the remainder when 74 is divided by 43?
31
What is the remainder when 299 is divided by 79?
62
Calculate the remainder when 261 is divided by 14.
9
What is the remainder when 1711 is divided by 544?
79
Calculate the remainder when 378 is divided by 124.
6
What is the remainder when 1253 is divided by 200?
53
Calculate the remainder when 53 is divided by 41.
12
What is the remainder when 445 is divided by 210?
25
Calculate the remainder when 87 is divided by 39.
9
What is the remainder when 280 is divided by 19?
14
Calculate the remainder when 278 is divided by 97.
84
What is the remainder when 1718 is divided by 6?
2
What is the remainder when 2813 is divided by 6?
5
What is the remainder when 55 is divided by 40?
15
What is the remainder when 955 is divided by 135?
10
What is the remainder when 310 is divided by 16?
6
Calculate the remainder when 237 is divided by 73.
18
What is the remainder when 10880 is divided by 39?
38
Calculate the remainder when 939 is divided by 135.
129
Calculate the remainder when 28 is divided by 3.
1
What is the remainder when 2642 is divided by 441?
437
What is the remainder when 172 is divided by 48?
28
Calculate the remainder when 181 is divided by 91.
90
Calculate the remainder when 259 is divided by 59.
23
What is the remainder when 67 is divided by 37?
30
What is the remainder when 502 is divided by 46?
42
Calculate the remainder when 253 is divided by 73.
34
What is the remainder when 1046 is divided by 59?
43
What is the remainder when 257 is divided by 67?
56
What is the remainder when 872 is divided by 50?
22
Calculate the remainder when 60 is divided by 39.
21
Calculate the remainder when 3383 is divided by 4.
3
What is the remainder when 435 is divided by 56?
43
Calculate the remainder when 704 is divided by 349.
6
Calculate the remainder when 51 is divided by 20.
11
Calculate the remainder when 222 is divided by 107.
8
Calculate the remainder when 346 is divided by 93.
67
What is the remainder when 136 is divided by 14?
10
What is the remainder when 207 is divided by 50?
7
What is the remainder when 1085 is divided by 33?
29
What is the remainder when 860 is divided by 27?
23
What is the remainder when 719 is divided by 238?
5
Calculate the remainder when 4754 is divided by 15.
14
Calculate the remainder when 8979 is divided by 20.
19
What is the remainder when 185 is divided by 63?
59
What is the remainder when 1358 is divided by 9?
8
Calculate the remainder when 600 is divided by 51.
39
What is the remainder when 1905 is divided by 36?
33
What is the remainder when 43 is divided by 23?
20
Calculate the remainder when 27 is divided by 10.
7
Calculate the remainder when 782 is divided by 259.
5
What is the remainder when 163 is divided by 23?
2
What is the remainder when 389 is divided by 28?
25
What is the remainder when 95 is divided by 64?
31
Calculate the remainder when 126 is divided by 105.
21
What is the remainder when 348 is divided by 31?
7
Calculate the remainder when 419 is divided by 30.
29
What is the remainder when 174 is divided by 11?
9
Calculate the remainder when 128 is divided by 42.
2
Calculate the remainder when 2747 is divided by 547.
12
Calculate the remainder when 824 is divided by 188.
72
What is the remainder when 56 is divided by 19?
18
What is the remainder when 562 is divided by 95?
87
Calculate the remainder when 1633 is divided by 21.
16
Calculate the remainder when 597 is divided by 65.
12
What is the remainder when 460 is divided by 55?
20
Calculate the remainder when 186 is divided by 63.
60
What is the remainder when 215 is divided by 94?
27
Calculate the remainder when 121 is divided by 77.
44
What is the remainder when 4549 is divided by 34?
27
What is the remainder when 260 is divided by 6?
2
What is the remainder when 158 is divided by 152?
6
Calculate the remainder when 863 is divided by 51.
47
What is the remainder when 672 is divided by 75?
72
Calculate the remainder when 172 is divided by 1.
0
Calculate the remainder when 1319 is divided by 15.
14
Calculate the remainder when 1416 is divided by 159.
144
What is the remainder when 29 is divided by 8?
5
Calculate the remainder when 55 is divided by 55.
0
Calculate the remainder when 812 is divided by 17.
13
What is the remainder when 70 is divided by 16?
6
What is the remainder when 978 is divided by 123?
117
What is the remainder when 189 is divided by 5?
4
What is the remainder when 35 is divided by 27?
8
Calculate the remainder when 358 is divided by 45.
43
Calculate the remainder when 583 is divided by 45.
43
What is the remainder when 2206 is divided by 316?
310
What is the remainder when 454 is divided by 114?
112
Calculate the remainder when 213 is divided by 20.
13
Calculate the remainder when 105 is divided by 77.
28
Calculate the remainder when 62 is divided by 36.
26
Calculate the remainder when 6801 is divided by 110.
91
Calculate the remainder when 30 is divided by 4.
2
Calculate the remainder when 380 is divided by 95.
0
Calculate the remainder when 87 is divided by 10.
7
What is the remainder when 17 is divided by 17?
0
Calculate the remainder when 339 is divided by 17.
16
What is the remainder when 720 is divided by 121?
115
What is the remainder when 537 is divided by 60?
57
Calculate the remainder when 1894 is divided by 146.
142
Calculate the remainder when 362 is divided by 13.
11
Calculate the remainder when 329 is divided by 122.
85
Calculate the remainder when 798 is divided by 175.
98
Calculate the remainder when 309 is divided by 41.
22
What is the remainder when 589 is divided by 572?
17
What is the remainder when 804 is divided by 117?
102
What is the remainder when 16817 is divided by 4?
1
Calculate the remainder when 4245 is divided by 50.
45
Calculate the remainder when 779 is divided by 82.
41
Calculate the remainder when 229 is divided by 139.
90
Calculate the remainder when 71 is divided by 12.
11
What is the remainder when 1287 is divided by 68?
63
What is the remainder when 3724 is divided by 104?
84
Calculate the remainder when 614 is divided by 243.
128
Calculate the remainder when 78 is divided by 27.
24
What is the remainder when 148 is divided by 8?
4
What is the remainder when 75 is divided by 20?
15
What is the remainder when 299 is divided by 81?
56
Calculate the remainder when 14 is divided by 5.
4
What is the remainder when 378 is divided by 35?
28
What is the remainder when 147 is divided by 22?
15
Calculate the remainder when 7 is divided by 4.
3
Calculate the remainder when 278 is divided by 103.
72
What is the remainder when 28 is divided by 6?
4
Calculate the remainder when 84 is divided by 67.
17
Calculate the remainder when 3687 is divided by 123.
120
What is the remainder when 7009 is divided by 42?
37
Calculate the remainder when 435 is divided by 37.
28
What is the remainder when 55 is divided by 33?
22
What is the remainder when 893 is divided by 447?
4